 + (2 - (0 + -5 - -7)).
2
What is 4 - 1 - (7 - 5) - 3?
-2
Evaluate (0 + 3 - 2) + -1 + 1.
1
What is (2 - 6) + -15 + 16?
-3
What is the value of (8 + -1 - (10 - 5)) + 3?
5
Evaluate -9 - (-1 + 1 + 0 + -3).
-6
What is the value of (-4 - -4) + -2 + 4?
2
What is the value of 5 - (1 + 5 + -3)?
2
Evaluate 5 + (-8 - -9 - (1 + 6)).
-1
What is the value of (-7 - -13) + 5 + 3 + -9?
5
Calculate 2 - (4 - 11 - -16).
-7
What is -1 + (8 - 2) + -6?
-1
What is the value of 0 + -1 + 4 - 8?
-5
Evaluate -4 - 0 - -4 - -5.
5
What is 3 + 1 + -6 - (-1 - 1)?
0
What is the value of 4 - (-3 - (-5 + (-2 - -6)))?
6
Calculate (-4 - 1) + 3 + 2 + 0.
0
What is the value of 1 + -1 + (25 - 24) + -5?
-4
What is the value of -6 + -5 + 8 + 5?
2
What is the value of (1 - 5) + (4 - -1)?
1
Calculate 12 + (5 - 3) + -8 - 4.
2
What is the value of 8 + 5 + -8 + -7 + 7?
5
6 - (12 + (-7 - -4))
-3
Evaluate -5 + -2 + 1 + (-5 - -6).
-5
Evaluate (15 - 12 - (3 - -8)) + 13.
5
Evaluate 2 - (-9 - (-9 - -4)).
6
What is 3 - ((25 - 12) + (1 - 6))?
-5
(2 + -4 - 4) + -1 + 2
-5
What is the value of 1 + (8 + -5 - 8)?
-4
What is 4 - 3 - -13 - (-8 - -11)?
11
What is (1 - (2 - 1)) + -2 + -1?
-3
What is (9 - 5) + -2 - 7?
-5
Evaluate 0 - ((-1 - -1) + (3 - -1)).
-4
Calculate -14 + 22 + 0 + 1 + 0.
9
3 + -7 - (-3 - (-6 - -5))
-2
Calculate -2 - (-9 + 3 + 0).
4
Evaluate 10 + (-8 + 14 - 19).
-3
Calculate -8 - (-6 + 0 - (-1 + -2)).
-5
Calculate 1 + -3 + -4 + 1 + 1.
-4
Evaluate -2 + -1 - (8 - 8).
-3
What is -2 + -1 + -3 + 5?
-1
Calculate (8 - 6) + -2 - (-1 - -3).
-2
What is the value of (8 - 1 - 7) + (2 - 8)?
-6
What is -3 + (1 + 1 - (3 - 2))?
-2
What is 4 - (3 + -3 + 8 - 2)?
-2
Evaluate (5 - (-9 - -6)) + -8.
0
What is 2 + -8 + (-16 - -13) + 4?
-5
Evaluate -5 - (1 - (5 + -2)).
-3
Calculate -4 - (0 + -4 + 42 + -43).
1
What is 1 + -1 + 11 + -4 + -6?
1
Evaluate 4 - 12 - -10 - 10.
-8
What is 4 + 1 + -1 - (1 + -1)?
4
Calculate 2 - (1 + 4) - -5 - -1.
3
8 + (-7 - -4) + 3
8
Evaluate (2 - -3) + (-118 - -103).
-10
(-9 - -2) + (-12 - -16)
-3
-1 + 2 + -2 - -1
0
What is 3 - (1 + 7) - (-1 + -2)?
-2
Evaluate (4 - 3 - -7) + -4.
4
Evaluate 5 + (-4 - 8) + 5.
-2
89 - 77 - (5 - 1)
8
What is 5 + 3 + 0 + 7 + -19?
-4
-3 - -2 - (1 + -2) - 2
-2
-1 + -5 - (3 + -9 - -3)
-3
(7 - 6) + (-3 - -1 - 0)
-1
What is the value of -3 - ((-3 - 1) + 2)?
-1
Calculate -3 + 10 + -3 + -6.
-2
0 + (-2 - 1) + 34 + -31
0
What is the value of (-2 - (4 + -8)) + -1 + 3?
4
-3 - 9 - (-24 - -23)
-11
What is the value of 2 + -3 + -1 - (2 - 6)?
2
Evaluate (-21 - (-20 + 3)) + (1 - 5).
-8
Calculate 1 + -2 + -7 - -10.
2
Calculate 0 - (-1 + -5 - 0).
6
What is the value of -17 - (1 - 11) - 1?
-8
Evaluate -20 + 8 + -1 - (-7 + 1).
-7
Calculate (-3 - -4) + (3 - 10).
-6
(15 - (-8 + 2)) + -14
7
Evaluate 84 - 81 - (-2 + 3 + 6).
-4
What is 1 - (-1 - (-8 - (1 + -2)))?
-5
Calculate 14 - 15 - (-7 - -7).
-1
-2 - -6 - (-6 - -8)
2
Calculate -5 - (-7 - -9 - 3).
-4
What is 2 + -2 + 1 - 4 - -4?
1
What is the value of -6 + -1 + (5 - -4)?
2
What is -13 + 9 - (-7 + 4)?
-1
Evaluate -4 + ((-14 - -7) + 10 - 4).
-5
12 + -5 + (-6 - 7)
-6
Calculate 6 - (-6 - (6 - (8 - -3))).
7
3 - ((-4 - -1) + 10)
-4
What is the value of -9 + 2 + 11 + -6?
-2
What is the value of 7 + (1 - -2) - 7?
3
What is the value of -4 - (-1 + 5 - 3)?
-5
5 + -4 + 5 + -11
-5
What is the value of 2 + -7 + (1 - (-8 + 4))?
0
(8 - 14) + 6 - (-1 + 9)
-8
Calculate -1 + -2 - (-1 - 0).
-2
(-4 - -6) + -4 + -1 - 2
-5
Calculate -3 + (-3 - (4 + -7)).
-3
0 - (2 - 0) - (-3 - 1)
2
Evaluate (-11 - -4) + -4 + 6.
-5
Calculate 0 + -2 + (57 - 53).
2
What is the value of (-2 - -12 - (0 - -3)) + -4?
3
-5 - (5 - -2 - 12)
0
13 - (8 - (8 - 11))
2
What is the value of -5 - (4 + -2 - 18) - 3?
8
Calculate (0 - -1) + -6 - (-5 + 1).
-1
What is 2 + (8 + 0 - 3)?
7
What is 0 - (5 - 0 - 7)?
2
What is the value of 1 + -2 + 17 + -20 + 2?
-2
4 + 2 + -9 - (1 - 3)
-1
Evaluate (55 - 60) + (0 - -1).
-4
Evaluate 1 + (-10 - -1) - (-216 + 210).
-2
What is (4 - 4) + 2 + (-3 - -7)?
6
Calculate -26 - -32 - (0 - -2).
4
Evaluate 4 - 21 - -5 - -6 - -2.
-4
Calculate 2 - ((2 - 0) + 0 + -1).
1
What is the value of (-55 - -65) + 0 + -5?
5
What is the value of 5 - (-2 - -2 - 0)?
5
1 + 0 + -4 + (8 - 8)
-3
Evaluate -2 + -2 + 6 - (-1 + 1).
2
-5 - (3 - 0 - 5) - -6
3
Calculate -1 + -3 + -3 + 4.
-3
(-1 - -5) + (-16 - -14)
2
1 + -7 - (-18 - -17)
-5
What is 3 - (-17 + 11) - 3?
6
Calculate -14 + 7 + 11 + -7.
-3
What is the value of 2 - (2 + -1 + -1 + -1)?
3
What is 2 + (-11 - -7) - (2 + -7)?
3
What is 1 - -9 - (10 + -6) - 2?
4
5 + -12 - (-2 - (1 + -2))
-6
Calculate -31 - -36 - (13 + 2 + -2).
-8
Evaluate 2 + (-4 - -8) - 1.
5
What is -7 + 6 + -4 + 5?
0
4 + (-1 - -4 - (9 + -3))
1
Evaluate 1 + 5 + -1 + (-11 - -10).
4
Calculate -2 + 5 + (2 + -5 - 0).
0
Evaluate -2 + -9 - (-14 - -5).
-2
Evaluate 1 + (-12 - -1) + 5.
-5
1 - 7 - ((1 - -2) + -5)
-4
What is the value of (2 - (-2 - -5)) + 3?
2
-5 - (-5 + -4 + 3)
1
What is (1 + -1 - -13) + -4 - 7?
2
What is -5 + 0 + -6 + -1 + 8?
-4
-1 - -2 - (-7 - -4)
4
What is 0 + 3 + -3 - (-17 - -24)?
-7
(-35 + 17 - -5) + (0 - -2)
-11
Evaluate -2 - 4 - (-6 - -1).
-1
What is the value of -59 + 45 - (-24 - 0)?
10
Calculate -8 + 8 + 2 + (1 - -6).
9
What is the value of -9 + 0 - (11 + -17) - 3?
-6
Evaluate 5 - (0 - ((-1 - -5) + -16)).
-7
What is the value of -1 + -9 + 14 + -7?
-3
What is 5 - -1 - (-74 + 76)?
4
Calculate (-3 - (-1 - 1)) + 0 - -2.
1
Evaluate (-1 - -3) + (-18 - -3) + 16.
3
What is (-7 - -9) + (7 - (6 + -4))?
7
(-9 - (10 - 18)) + (1 - -1)
1
What is -1 - (4 - ((-2 - -7) + -4))?
-4
What is -1 + (5 - 2) + 6 + -6?
2
-1 + 6 + -7 + 8
6
What is -5 - (4 - (0 - -4))?
-5
Evaluate 0 + (2 - (1 + 1)) + 2.
2
Calculate -9 - -8 - (0 + 2) - -3.
0
What is the value of 2 - -1 - (-13 - -24 - 11)?
3
1 + -2 + 2 + -7 + 11
5
What is the value of 29 + -27 - (1 - -2)?
-1
What is (-5 - -9) + -2 + 0?
2
-10 + 6 + 1 + -2 + 2
-3
Calculate (-1 - -4) + -5 + 7.
5
What is -6 + 0 - (-1 - 2)?
-3
What is 6 + -10 - -6 - 4?
-2
Evaluate -3 + 1 + (9 - 5).
2
What is the value of 8 - (14 + (0 - 0))?
-6
What is -8 + 4 - (-3 - 2)?
1
What is 13 - (3 - (-1 + -2))?
7
6 - 6 - (3 - 4)
1
2 + 0 - (10 + -2 + -11)
5
Calculate -4 + 5 - (4 - 7).
4
What is 3 - ((-1 - (-3 - -5)) + 4)?
2
What is 0 + -9 - (-1 + -1) - -6?
-1
What is the value of (3 - 0) + -2 + 5 - 1?
5
What is the value of -24 + 33 + 0 + 2 + -4?
7
What is the value of 7 + 3 + -10 - (-1 - -4)?
-3
Evaluate 14 + (-10 - 1 - 8).
-5
(0 - (4 + (-2 - -1))) + 1
-2
What is the value of -9 - -6 - -13 - 12?
-2
Calculate 7 + (11 + -4 - (24 - 2)).
-8
What is 4 + -3 + 6 + -12?
-5
Evaluate 38 + -41 + 5 + -1 + 0.
1
What is 3 - 10 - (33 + -40)?
0
What is 1 + (35 + -33 - (0 - 2))?
5
Calculate 1 - ((3 - 0) + (-9 - -5)).
2
What is -2 - ((-3 - -3) + 3 + -4)?
-1
15 - (-5 + 11 + (2 - 2))
9
Calculate -3 - (0 + -3 + -1 + 0).
1
Evaluate 1 + -3 + 5 + -5 - 1.
-3
What is the value of -2 - ((1 - -3) + 0 + -3)?
-3
1 + 3 + -3 + (1 - 5)
-3
Calculate (7 - 1) + 1 + 15 + -17.
5
Evaluate 6 - 10 - (-3 - (1 - 6)).
-6
Calculate -9 - (-2 + 1 + -4 + 2).
-6
4 - (13 + -4 - 4)
-1
(1 - 4) + 7 - (13 + -1)
-8
What is -2 + 2 + 7 + -6?
1
What is the value of 3 + -1 + (6 - 3) + -4?
1
Calculate (6 - -1) + (-9 - 1) - 2.
-5
What is 2 - (5 - 1 - 5 - 0)?
3
Calculate -4 - (0 - ((4 - 6) + 4)).
-2
0 + 2 + (3 - 1)
4
Calculate 0 + -4 - ((2 - 1) + 0).
-5
Evaluate 6 - 0 - (22 + 1 + -9).
-8
(-4 - (-4 + 5) - -8) + -8
-5
Calculate (-4 + 2 - 0) + -1.
-3
What is -3 + (-2 + 4 - 2) - -1?
-2
1 - (-5 + 3 - -2)
1
What is (-1 - 1) + 6 + -7?
-3
-14 + -5 + 12 - -3
-4
Evaluate -5 + 0 - (-13 + 3).
5
-5 + (-3 - -2) + -1
-7
Evaluate 40 - 45 - (1 + -9).
3
Evaluate -6 + 7 + -9 + 10.
2
What is -7 + 8 - (-1 - (0 - -2))?
4
3 + 1 + 2 + -1
5
Calculate -17 + 8 - -5 - 5 - -11.
2
What is 2 + -2 - (-1 - -2)?
-1
(-3 - 1 - 2) + 2
-4
Calculate 0 - 9 - (3 - 2 - 6).
-4
(29 - 32) + (7 - 1)
3
What is the value of -17 + 15 - ((4 - 0) + -2)?
-4
What is the value of 1 + 0 + -3 + 3 - 0?
1
What is the value of -8 - (-4 + (-4 - -3 - -1))?
-4
What is the value of -2 + -1 - (2 + -5)?
0
Calculate -9 + (-3 - -9) - 1.
-4
What is the value of -4 + 0 - 2 - (-5 + 2)?
-3
What is 2 - 0 - (1 + -1 + 2)?
0
What is -1 + -2 - (21 + -20) - -2?
-2
Evaluate (3 - 9) + 5 + 3.
2
What is the value of 16 + -12 + (-4 - (2 - 2))?
0
What is the value of -6 - ((-4 - -5) + -1 - 1)?
-5
